{"id":224,"date":"2025-05-30T13:35:06","date_gmt":"2025-05-30T11:35:06","guid":{"rendered":"https:\/\/huercalometal.com\/?page_id=224"},"modified":"2025-05-30T13:48:58","modified_gmt":"2025-05-30T11:48:58","slug":"politica-de-cookies","status":"publish","type":"page","link":"https:\/\/huercalometal.com\/?page_id=224","title":{"rendered":"POL\u00cdTICA DE COOKIES"},"content":{"rendered":"\t\t<div data-elementor-type=\"wp-page\" data-elementor-id=\"224\" class=\"elementor elementor-224\" data-elementor-post-type=\"page\">\n\t\t\t\t<div class=\"elementor-element elementor-element-0e137f9 e-flex e-con-boxed e-con e-parent\" data-id=\"0e137f9\" data-element_type=\"container\" data-e-type=\"container\">\n\t\t\t\t\t<div class=\"e-con-inner\">\n\t\t\t\t<div class=\"elementor-element elementor-element-0e0e90a elementor-widget elementor-widget-heading\" data-id=\"0e0e90a\" data-element_type=\"widget\" data-e-type=\"widget\" data-widget_type=\"heading.default\">\n\t\t\t\t<div class=\"elementor-widget-container\">\n\t\t\t\t\t<h2 class=\"elementor-heading-title elementor-size-default\">POL\u00cdTICA DE COOKIES<\/h2>\t\t\t\t<\/div>\n\t\t\t\t<\/div>\n\t\t\t\t<div class=\"elementor-element elementor-element-cce3e39 elementor-widget elementor-widget-text-editor\" data-id=\"cce3e39\" data-element_type=\"widget\" data-e-type=\"widget\" data-widget_type=\"text-editor.default\">\n\t\t\t\t<div class=\"elementor-widget-container\">\n\t\t\t\t\t\t\t\t\t<p>Esta web utiliza \u2018cookies\u2019 propias y de terceros para ofrecerle una mejor experiencia y servicio. Al navegar o utilizar nuestros servicios el usuario acepta el uso que hacemos de las \u2018cookies\u2019. Sin embargo, el usuario tiene la opci\u00f3n de impedir la generaci\u00f3n de \u2018cookies\u2019 y la eliminaci\u00f3n de las mismas mediante la selecci\u00f3n de la correspondiente opci\u00f3n en su navegador. En caso de bloquear el uso de \u2018cookies\u2019 en su navegador es posible que algunos servicios o funcionalidades de la p\u00e1gina web no est\u00e9n disponibles.<br \/><br \/><\/p><h3>\u00bfQu\u00e9 es una Cookie?<\/h3><p><br \/>Una \u2018cookie\u2019 es un peque\u00f1o fragmento de texto que los sitios web env\u00edan al navegador y que se almacenan en el terminal del usuario, el cual puede ser un ordenador personal, un tel\u00e9fono m\u00f3vil, una tableta, etc. Estos archivos permiten que el sitio web recuerde informaci\u00f3n sobre su visita, como el idioma y las opciones preferidas, lo que puede facilitar su pr\u00f3xima visita y hacer que el sitio resulte m\u00e1s \u00fatil al personalizar su contenido. Las \u2018cookies\u2019 desempe\u00f1an un papel muy importante, al mejorar la experiencia del uso de la web.<br \/><br \/><\/p><h3>\u00bfC\u00f3mo se utilizan las Cookies?<\/h3><p><br \/>Al navegar por este portal web el usuario est\u00e1 aceptando que se puedan instalar \u2018cookies\u2019 en su terminal y que nos permiten conocer la siguiente informaci\u00f3n:<br \/>\u00b7 Informaci\u00f3n estad\u00edstica del uso de la web.<br \/>\u00b7 El \u2018login\u2019 del usuario para mantener la sesi\u00f3n activa en la web.<br \/>\u00b7 El formato de la web preferente en el acceso desde dispositivos m\u00f3viles.<br \/>\u00b7 Las \u00faltimas b\u00fasquedas realizadas en los servicios de la web y datos de personalizaci\u00f3n de estos servicios.<br \/>\u00b7 Informaci\u00f3n sobre los anuncios que se muestran al usuario.<br \/>\u00b7 Informaci\u00f3n de las encuestas en las que ha participado el usuario.<br \/>\u00b7 Datos de la conexi\u00f3n con las redes sociales para los usuarios que acceden con su usuario de Facebook o Twitter.<br \/><br \/><\/p><h3>Tipos de Cookies utilizadas<\/h3><p><br \/>Esta web utiliza tanto \u2018cookies\u2019 temporales de sesi\u00f3n como \u2018cookies\u2019 permanentes. Las \u2018cookies\u2019 de sesi\u00f3n almacenan datos \u00fanicamente mientras el usuario accede a la web y las \u2018cookies\u2019 permanentes Pol\u00edticaalmacenan los datos en el terminal para que sean accedidos y utilizados en m\u00e1s de una sesi\u00f3n.<br \/>Seg\u00fan la finalidad para la que se traten los datos obtenidos a trav\u00e9s de las \u2018cookies\u2019, el web puede utilizar:<br \/><br \/><\/p><h3>Cookies T\u00e9cnicas<\/h3><p><br \/>Son aqu\u00e9llas que permiten al usuario la navegaci\u00f3n a trav\u00e9s de la p\u00e1gina web o aplicaci\u00f3n y la utilizaci\u00f3n de las diferentes opciones o servicios que en ella existen. Por ejemplo, controlar el tr\u00e1fico y la comunicaci\u00f3n de datos, identificar la sesi\u00f3n, acceder a las partes web de acceso restringido, recordar los elementos que integran un pedido, realizar la solicitud de inscripci\u00f3n o participaci\u00f3n en un evento, utilizar elementos de seguridad durante la navegaci\u00f3n y almacenar contenidos para la difusi\u00f3n de videos o sonido.<br \/><br \/><\/p><h3>Cookies de personalizaci\u00f3n<\/h3><p><br \/>Son aqu\u00e9llas que permiten al usuario acceder al servicio con algunas caracter\u00edsticas de car\u00e1cter general predefinidas en su terminal o que el propio usuario defina. Por ejemplo, el idioma, el tipo de navegador a trav\u00e9s del cual accede al servicio, el dise\u00f1o de contenidos seleccionado, geolocalizaci\u00f3n del terminal y la configuraci\u00f3n regional desde donde se accede al servicio.<br \/><br \/><\/p><h3>Cookies publicitarias<\/h3><p>\u00a0<\/p><p>Son aqu\u00e9llas que permiten la gesti\u00f3n eficaz de los espacios publicitarios que se han incluido en la p\u00e1gina web o aplicaci\u00f3n desde la que se presta el servicio. Permiten adecuar el contenido de la publicidad para que esta sea relevante para el usuario y para evitar mostrar anuncios que el usuario ya haya visto.<br \/><br \/><br \/><\/p><h3>Cookies de an\u00e1lisis estad\u00edstico<\/h3><p><br \/>Son aqu\u00e9llas que permiten realizar el seguimiento y an\u00e1lisis del comportamiento de los usuarios en los sitios web. La informaci\u00f3n recogida mediante este tipo de \u2018cookies\u2019 se utiliza en la medici\u00f3n de la actividad de los sitios web, aplicaci\u00f3n o plataforma y para la elaboraci\u00f3n de perfiles de navegaci\u00f3n de los usuarios de dichos sitios, con el fin de introducir mejoras en el servicio en funci\u00f3n de los datos de uso que hacen los usuarios.<br \/><br \/><\/p><h3>Cookies de terceros<\/h3><p>\u00a0<\/p><p>\u2018Cookies\u2019 de terceros<br \/>En algunas p\u00e1ginas web se pueden instalar \u2018cookies\u2019 de terceros que permiten gestionar y mejorar los servicios ofrecidos. Como, por ejemplo, servicios estad\u00edsticos de Google Analytics.<br \/>Para m\u00e1s informaci\u00f3n sobre estas cookies y sobre c\u00f3mo deshabilitarlas, vea la pol\u00edtica de privacidad individual de terceros que figura a continuaci\u00f3n:<br \/><br \/><strong>Google Maps<\/strong><br \/>Tipo y finalidad: Ubicaci\u00f3n<br \/>Google Maps es un servidor de aplicaciones de mapas. Registra el origen del usuario y las keywords utilizadas. Genera un prefijo \u00fanico con fines anal\u00edticos.<br \/>Tipo y finalidad: Anal\u00edticas<br \/>Google proporciona datos an\u00f3nimos sobre las visitas a la p\u00e1gina web.<br \/><br \/><strong>YouTube<\/strong><br \/>Tipo y finalidad: V\u00eddeos<br \/>YouTube es un servicio de Google que permite la subida y visualizaci\u00f3n de v\u00eddeos. Utiliza cookies para medir las visualizaciones o registrar eventos.<br \/><br \/><strong>Google Analytics<\/strong><br \/>Tipo y finalidad: Anal\u00edticas<br \/>Google proporciona datos an\u00f3nimos sobre las visitas a nuestra web y nos permite hacer pruebas y evaluar la mejor manera de presentar la web a nuestros usuarios.<br \/><br \/><strong>M\u00e1s informaci\u00f3n:<\/strong> https:\/\/www.google.com\/intl\/es\/policies\/technologies\/types\/<br \/><br \/><strong>Basekit<\/strong><br \/>Tipo y finalidad: Esenciales y de usuario<br \/>Utilizamos cookies que permiten recordar si el usuario ha aceptado el banner que muestra el mensaje sobre cookies para no volver a mostrarlo.<br \/><br \/>Adicionalmente, este sitio web podr\u00eda contener otras cookies de distintas Redes Sociales y de eCommerce.<br \/><br \/><\/p>\t\t\t\t\t\t\t\t<\/div>\n\t\t\t\t<\/div>\n\t\t\t\t\t<\/div>\n\t\t\t\t<\/div>\n\t\t\t\t<\/div>\n\t\t","protected":false},"excerpt":{"rendered":"<p>POL\u00cdTICA DE COOKIES Esta web utiliza \u2018cookies\u2019 propias y de terceros para ofrecerle una mejor experiencia y servicio. Al navegar [&hellip;]<\/p>\n","protected":false},"author":1,"featured_media":0,"parent":0,"menu_order":0,"comment_status":"closed","ping_status":"closed","template":"","meta":{"site-sidebar-layout":"no-sidebar","site-content-layout":"","ast-site-content-layout":"full-width-container","site-content-style":"default","site-sidebar-style":"default","ast-global-header-display":"","ast-banner-title-visibility":"","ast-main-header-display":"","ast-hfb-above-header-display":"","ast-hfb-below-header-display":"","ast-hfb-mobile-header-display":"","site-post-title":"disabled","ast-breadcrumbs-content":"","ast-featured-img":"disabled","footer-sml-layout":"","theme-transparent-header-meta":"","adv-header-id-meta":"","stick-header-meta":"","header-above-stick-meta":"","header-main-stick-meta":"","header-below-stick-meta":"","astra-migrate-meta-layouts":"default","ast-page-background-enabled":"default","ast-page-background-meta":{"desktop":{"background-color":"var(--ast-global-color-5)","background-image":"","background-repeat":"repeat","background-position":"center center","background-size":"auto","background-attachment":"scroll","background-type":"","background-media":"","overlay-type":"","overlay-color":"","overlay-opacity":"","overlay-gradient":""},"tablet":{"background-color":"","background-image":"","background-repeat":"repeat","background-position":"center center","background-size":"auto","background-attachment":"scroll","background-type":"","background-media":"","overlay-type":"","overlay-color":"","overlay-opacity":"","overlay-gradient":""},"mobile":{"background-color":"","background-image":"","background-repeat":"repeat","background-position":"center center","background-size":"auto","background-attachment":"scroll","background-type":"","background-media":"","overlay-type":"","overlay-color":"","overlay-opacity":"","overlay-gradient":""}},"ast-content-background-meta":{"desktop":{"background-color":"var(--ast-global-color-4)","background-image":"","background-repeat":"repeat","background-position":"center center","background-size":"auto","background-attachment":"scroll","background-type":"","background-media":"","overlay-type":"","overlay-color":"","overlay-opacity":"","overlay-gradient":""},"tablet":{"background-color":"var(--ast-global-color-4)","background-image":"","background-repeat":"repeat","background-position":"center center","background-size":"auto","background-attachment":"scroll","background-type":"","background-media":"","overlay-type":"","overlay-color":"","overlay-opacity":"","overlay-gradient":""},"mobile":{"background-color":"var(--ast-global-color-4)","background-image":"","background-repeat":"repeat","background-position":"center center","background-size":"auto","background-attachment":"scroll","background-type":"","background-media":"","overlay-type":"","overlay-color":"","overlay-opacity":"","overlay-gradient":""}},"footnotes":""},"class_list":["post-224","page","type-page","status-publish","hentry"],"yoast_head":"<!-- This site is optimized with the Yoast SEO plugin v25.2 - https:\/\/yoast.com\/wordpress\/plugins\/seo\/ -->\n<title>POL\u00cdTICA DE COOKIES - Huercalometal<\/title>\n<meta name=\"robots\" content=\"index, follow, max-snippet:-1, max-image-preview:large, max-video-preview:-1\" \/>\n<link rel=\"canonical\" href=\"https:\/\/huercalometal.com\/?page_id=224\" \/>\n<meta property=\"og:locale\" content=\"es_ES\" \/>\n<meta property=\"og:type\" content=\"article\" \/>\n<meta property=\"og:title\" content=\"POL\u00cdTICA DE COOKIES - Huercalometal\" \/>\n<meta property=\"og:description\" content=\"POL\u00cdTICA DE COOKIES Esta web utiliza \u2018cookies\u2019 propias y de terceros para ofrecerle una mejor experiencia y servicio. Al navegar [&hellip;]\" \/>\n<meta property=\"og:url\" content=\"https:\/\/huercalometal.com\/?page_id=224\" \/>\n<meta property=\"og:site_name\" content=\"Huercalometal\" \/>\n<meta property=\"article:modified_time\" content=\"2025-05-30T11:48:58+00:00\" \/>\n<meta name=\"twitter:card\" content=\"summary_large_image\" \/>\n<meta name=\"twitter:label1\" content=\"Tiempo de lectura\" \/>\n\t<meta name=\"twitter:data1\" content=\"4 minutos\" \/>\n<script type=\"application\/ld+json\" class=\"yoast-schema-graph\">{\"@context\":\"https:\/\/schema.org\",\"@graph\":[{\"@type\":\"WebPage\",\"@id\":\"https:\/\/huercalometal.com\/?page_id=224\",\"url\":\"https:\/\/huercalometal.com\/?page_id=224\",\"name\":\"POL\u00cdTICA DE COOKIES - Huercalometal\",\"isPartOf\":{\"@id\":\"https:\/\/huercalometal.com\/#website\"},\"datePublished\":\"2025-05-30T11:35:06+00:00\",\"dateModified\":\"2025-05-30T11:48:58+00:00\",\"breadcrumb\":{\"@id\":\"https:\/\/huercalometal.com\/?page_id=224#breadcrumb\"},\"inLanguage\":\"es\",\"potentialAction\":[{\"@type\":\"ReadAction\",\"target\":[\"https:\/\/huercalometal.com\/?page_id=224\"]}]},{\"@type\":\"BreadcrumbList\",\"@id\":\"https:\/\/huercalometal.com\/?page_id=224#breadcrumb\",\"itemListElement\":[{\"@type\":\"ListItem\",\"position\":1,\"name\":\"Portada\",\"item\":\"https:\/\/huercalometal.com\/\"},{\"@type\":\"ListItem\",\"position\":2,\"name\":\"POL\u00cdTICA DE COOKIES\"}]},{\"@type\":\"WebSite\",\"@id\":\"https:\/\/huercalometal.com\/#website\",\"url\":\"https:\/\/huercalometal.com\/\",\"name\":\"Huercalometal\",\"description\":\"\",\"publisher\":{\"@id\":\"https:\/\/huercalometal.com\/#organization\"},\"potentialAction\":[{\"@type\":\"SearchAction\",\"target\":{\"@type\":\"EntryPoint\",\"urlTemplate\":\"https:\/\/huercalometal.com\/?s={search_term_string}\"},\"query-input\":{\"@type\":\"PropertyValueSpecification\",\"valueRequired\":true,\"valueName\":\"search_term_string\"}}],\"inLanguage\":\"es\"},{\"@type\":\"Organization\",\"@id\":\"https:\/\/huercalometal.com\/#organization\",\"name\":\"Huercalometal\",\"url\":\"https:\/\/huercalometal.com\/\",\"logo\":{\"@type\":\"ImageObject\",\"inLanguage\":\"es\",\"@id\":\"https:\/\/huercalometal.com\/#\/schema\/logo\/image\/\",\"url\":\"https:\/\/huercalometal.com\/wp-content\/uploads\/2025\/05\/LOGO-e1748526089969.png\",\"contentUrl\":\"https:\/\/huercalometal.com\/wp-content\/uploads\/2025\/05\/LOGO-e1748526089969.png\",\"width\":820,\"height\":411,\"caption\":\"Huercalometal\"},\"image\":{\"@id\":\"https:\/\/huercalometal.com\/#\/schema\/logo\/image\/\"}}]}<\/script>\n<!-- \/ Yoast SEO plugin. -->","yoast_head_json":{"title":"POL\u00cdTICA DE COOKIES - Huercalometal","robots":{"index":"index","follow":"follow","max-snippet":"max-snippet:-1","max-image-preview":"max-image-preview:large","max-video-preview":"max-video-preview:-1"},"canonical":"https:\/\/huercalometal.com\/?page_id=224","og_locale":"es_ES","og_type":"article","og_title":"POL\u00cdTICA DE COOKIES - Huercalometal","og_description":"POL\u00cdTICA DE COOKIES Esta web utiliza \u2018cookies\u2019 propias y de terceros para ofrecerle una mejor experiencia y servicio. Al navegar [&hellip;]","og_url":"https:\/\/huercalometal.com\/?page_id=224","og_site_name":"Huercalometal","article_modified_time":"2025-05-30T11:48:58+00:00","twitter_card":"summary_large_image","twitter_misc":{"Tiempo de lectura":"4 minutos"},"schema":{"@context":"https:\/\/schema.org","@graph":[{"@type":"WebPage","@id":"https:\/\/huercalometal.com\/?page_id=224","url":"https:\/\/huercalometal.com\/?page_id=224","name":"POL\u00cdTICA DE COOKIES - Huercalometal","isPartOf":{"@id":"https:\/\/huercalometal.com\/#website"},"datePublished":"2025-05-30T11:35:06+00:00","dateModified":"2025-05-30T11:48:58+00:00","breadcrumb":{"@id":"https:\/\/huercalometal.com\/?page_id=224#breadcrumb"},"inLanguage":"es","potentialAction":[{"@type":"ReadAction","target":["https:\/\/huercalometal.com\/?page_id=224"]}]},{"@type":"BreadcrumbList","@id":"https:\/\/huercalometal.com\/?page_id=224#breadcrumb","itemListElement":[{"@type":"ListItem","position":1,"name":"Portada","item":"https:\/\/huercalometal.com\/"},{"@type":"ListItem","position":2,"name":"POL\u00cdTICA DE COOKIES"}]},{"@type":"WebSite","@id":"https:\/\/huercalometal.com\/#website","url":"https:\/\/huercalometal.com\/","name":"Huercalometal","description":"","publisher":{"@id":"https:\/\/huercalometal.com\/#organization"},"potentialAction":[{"@type":"SearchAction","target":{"@type":"EntryPoint","urlTemplate":"https:\/\/huercalometal.com\/?s={search_term_string}"},"query-input":{"@type":"PropertyValueSpecification","valueRequired":true,"valueName":"search_term_string"}}],"inLanguage":"es"},{"@type":"Organization","@id":"https:\/\/huercalometal.com\/#organization","name":"Huercalometal","url":"https:\/\/huercalometal.com\/","logo":{"@type":"ImageObject","inLanguage":"es","@id":"https:\/\/huercalometal.com\/#\/schema\/logo\/image\/","url":"https:\/\/huercalometal.com\/wp-content\/uploads\/2025\/05\/LOGO-e1748526089969.png","contentUrl":"https:\/\/huercalometal.com\/wp-content\/uploads\/2025\/05\/LOGO-e1748526089969.png","width":820,"height":411,"caption":"Huercalometal"},"image":{"@id":"https:\/\/huercalometal.com\/#\/schema\/logo\/image\/"}}]}},"_links":{"self":[{"href":"https:\/\/huercalometal.com\/index.php?rest_route=\/wp\/v2\/pages\/224","targetHints":{"allow":["GET"]}}],"collection":[{"href":"https:\/\/huercalometal.com\/index.php?rest_route=\/wp\/v2\/pages"}],"about":[{"href":"https:\/\/huercalometal.com\/index.php?rest_route=\/wp\/v2\/types\/page"}],"author":[{"embeddable":true,"href":"https:\/\/huercalometal.com\/index.php?rest_route=\/wp\/v2\/users\/1"}],"replies":[{"embeddable":true,"href":"https:\/\/huercalometal.com\/index.php?rest_route=%2Fwp%2Fv2%2Fcomments&post=224"}],"version-history":[{"count":10,"href":"https:\/\/huercalometal.com\/index.php?rest_route=\/wp\/v2\/pages\/224\/revisions"}],"predecessor-version":[{"id":254,"href":"https:\/\/huercalometal.com\/index.php?rest_route=\/wp\/v2\/pages\/224\/revisions\/254"}],"wp:attachment":[{"href":"https:\/\/huercalometal.com\/index.php?rest_route=%2Fwp%2Fv2%2Fmedia&parent=224"}],"curies":[{"name":"wp","href":"https:\/\/api.w.org\/{rel}","templated":true}]}}